et q = 186 - 68. Is q prime?
False
Let z(n) = n - 4. Let q be z(8). Suppose k - 3*k + 3*v = -12, q = -3*k - v. Suppose 4*a = -k*a + 364. Is a prime?
False
Let v(a) = -a + 1. Let q(t) = 326*t + 3. Let y(w) = q(w) - 3*v(w). Is y(1) composite?
True
Let b(u) = -u**2 + 9*u + 2. Let d be b(9). Suppose -o + 184 = 3*q + 15, 3*q + d*o = 167. Is q a prime number?
False
Let s(o) = 105*o**2 - 2*o - 5. Is s(-2) composite?
False
Is 66 + 0 + 1 + -2 a composite number?
True
Let q(a) = -a**3 + 8*a**2 - 4*a + 5. Let z be q(6). Suppose g + z = 2*g. Is g composite?
False
Suppose 4*n + 4*g = 8, 3*g - 8*g + 24 = -2*n. Let x be (0 + -2)/(n/63). Let b = x + -26. Is b a composite number?
False
Let y = 32 - -255. Is y composite?
True
Let h = 16449 - 10544. Is h a prime number?
False
Let d(q) = -7*q - 11. Is d(-10) a prime number?
True
Suppose 5*l = 3092 - 327. Is l composite?
True
Let r = 3 + -7. Let g be (r + 2)*(-1 + 2). Let h = 29 - g. Is h prime?
True
Let w(r) = 12*r**2 - 11*r - 19. Is w(-10) a composite number?
False
Suppose -2857 = -d - 2*r + 758, -4*d + 4*r = -14412. Is d composite?
False
Let u(c) = c**2 + 5*c + 2. Let p be u(-4). Is p/3 + 1705/15 composite?
False
Suppose 10 = -b + 3*b. Let x = 2 + b. Is 3/(-1)*-1*x a prime number?
False
Let k(m) = 3*m**2 + m. Let x be k(1). Suppose 0 = -a + 9 - x. Let y(n) = n**3 - 6*n**2 + 7*n - 3. Is y(a) prime?
True
Let x(r) = 3*r**3 - 2*r**2 + 2*r - 2. Let m = -3 + 6. Let y be x(m). Suppose f = 2*f - y. Is f prime?
True
Let g be ((-10)/6)/((-1)/3). Suppose -3*k = g*o - 180, 0*o + 5*o = 3*k + 150. Is o a prime number?
False
Let q be 57/9 - 2/(-3). Suppose 4*l + 4*o = -o - q, 4*l - 2*o - 14 = 0. Is (122 - -2) + (l - -1) a composite number?
False
Let a = 267 + -125. Suppose 24 + a = 2*l. Is l a prime number?
True
Let d(m) = -2*m - 1. Let j be d(-3). Suppose 2*z = 8, 12 = 4*b + j*z - 48. Is b a composite number?
True
Suppose 0*o - 500 = -4*o. Let r = -24 + o. Suppose -3*c + r = 4*y, 4*y + 5*c - 20 = 79. Is y composite?
True
Let x(b) = -330*b + 53. Is x(-16) composite?
False
Suppose -2104 = -2*q - 2*x + 662, 0 = 2*q - 4*x - 2778. Is q prime?
False
Let v(x) = -3*x**3 + 14*x**2 + 5*x - 15. Let z(o) = 2*o**3 - 7*o**2 - 2*o + 8. Let i(r) = 3*v(r) + 5*z(r). Let q be i(-6). Is 9 + 4/(q*-2) a prime number?
True
Let u be 22 - 1 - (3 - 1). Suppose 0*d + 29 = z + 3*d, 4*z + 2*d - 126 = 0. Let n = z - u. Is n a composite number?
False
Suppose 0 = 3*t + 2 - 11, -n - 1100 = -t. Let b = -210 - n. Is b composite?
False
Let d(k) = k**3 - 3*k**2 - 3*k + 1. Let c be d(4). Suppose -2*u = -2*m - 6, -m = u - 2 - c. Suppose 4*z - 3*y - 34 = -0*y, y = m. Is z a prime number?
False
Is (2 + 1)/(3/143) composite?
True
Let j = -3 + 3. Suppose j*t + t + 4*d - 45 = 0, -3*t = 2*d - 115. Is t prime?
True
Suppose 3 = v + 35. Let p = 54 + v. Is p prime?
False
Let y(x) = 2*x**3 - 3*x**2 + 7*x + 2. Let m be y(5). Suppose 6*d = 2*d + m. Is d composite?
False
Is (573/3)/((-2)/(-6)) composite?
True
Let j(k) = 4*k**2 + 8*k + 8. Let q be j(-8). Suppose -4*b + q = b. Suppose -4*c = -16 - b. Is c a prime number?
False
Let v = -7 - -9. Is v + 34*(-2)/(-4) a prime number?
True
Let t(c) = -4*c**3 + 16*c - 20. Let u(y) = -y**3 + 4*y - 5. Let k(l) = 2*t(l) - 9*u(l). Let g(p) = p**3 - p**2 - p + 4. Let h be g(0). Is k(h) composite?
False
Let r(l) = -l**3 - 5*l**2 + 9*l + 3. Let g be r(-7). Let q = 17 + g. Is q prime?
False
Let y(p) = -85*p + 55. Let w(o) be the third derivative of -o**4/4 + 2*o**3/3 + 2*o**2. Let f(m) = 55*w(m) - 4*y(m). Is f(1) a prime number?
False
Suppose 4*i = 1841 - 557. Is i prime?
False
Let a be 4/(6 - -2)*2. Is (a + 448)/1 + 0 a prime number?
True
Let m(d) = d**3 - 6*d**2 + 5*d + 4. Let y be m(5). Suppose f + 3950 = -y*f. Let j = f + 1109. Is j prime?
False
Suppose 5*c + 21 = 2*p, p - 4*p + 5*c + 24 = 0. Suppose 0 = p*q + 2*h - 139, -5*q + 267 = -5*h + 2. Is q prime?
False
Suppose -g + 99 = -q, -4 - 1 = q. Let k = g - 43. Is k composite?
True
Suppose -2*n + 147 = n. Is n composite?
True
Let x be (-2)/2 + 3 + 2. Suppose v - q - 83 = 0, -x*v + v - 4*q = -221. Is v composite?
False
Let r = 11 + -9. Is (2 - 3/r)*406 a prime number?
False
Is (111/(-6))/(2 - 135/66) a composite number?
True
Let l = -155 - -904. Is l a composite number?
True
Let k be ((-189)/(-2))/((-1)/(-10)). Let q = -138 + k. Suppose 5*y + 3*o = -37 + q, -2*o + 618 = 4*y. Is y a prime number?
True
Let i(n) = 203*n**2 - 9*n + 15. Is i(5) a prime number?
False
Is ((-508)/(-2))/(2 - 0) a composite number?
False
Let d = 2 + 0. Suppose -3*z + 3*q = 2*z - 629, -d*q = -4. Is z a composite number?
False
Suppose -3*f + 18 = -0*f. Let i(a) = 3*a**2 + 2*a - 1. Is i(f) prime?
False
Is (4/(-6))/(2/(-3453)) prime?
True
Let d(z) be the first derivative of z**4/4 + 10*z**3/3 + z**2 - 2*z + 15. Let j = -2 + -2. Is d(j) prime?
False
Suppose 0 = 2*p - 2*x - 526, -x - 339 + 1391 = 4*p. Is p a prime number?
True
Suppose 23 = 5*c + 8. Suppose 0 = 5*s - u - 144, s - 61 = -s - c*u. Suppose -d + s = -30. Is d composite?
False
Is (-4)/(-22) - (-8554)/22 a prime number?
True
Is 26/(27/21 - 1) composite?
True
Let o(c) = c**3 + c**2 + 3*c + 3. Let y be o(-2). Let x(z) = -2*z - 10. Let w be x(y). Let q = 7 + w. Is q a prime number?
True
Is 12/(-8)*(-170)/3 prime?
False
Suppose -9*b - 63 = -1728. Is b prime?
False
Suppose 255 = -3*r + 6*r. Suppose 5*n - r = 70. Is n a composite number?
False
Let c(x) = -x**3 + 5*x**2 - 2*x + 5. Let u be c(4). Is 52/10*(u - 8) composite?
True
Let v be 2*(-2)/4 + -1. Let x = v - -1. Let q(w) = -44*w - 1. Is q(x) a prime number?
True
Let f = 308 - -323. Is f a prime number?
True
Suppose -5*f - 3*u - 2*u = -100, 5*u = 4*f - 98. Suppose 1 - f = -o. Is o composite?
True
Is 4*1 + 199 + 3 a prime number?
False
Suppose 377 - 57 = 4*m + y, 5*m + 5*y - 415 = 0. Is m a prime number?
True
Suppose d = 5*r - 2*d + 80, -3*d + 54 = -3*r. Let i = r + 18. Suppose a + i*n - 29 = 0, -139 = -3*a - 0*n - 2*n. Is a a prime number?
False
Let t(s) = 5*s - 21*s - 6 - 8*s - 11*s. Let i be t(-4). Suppose 0*f = -2*h + 4*f + i, -69 = -h + f. Is h a prime number?
True
Let a(t) = 3*t**3 - 9*t**2 + 21*t + 10. Is a(9) a composite number?
False
Let x(w) = w**2 - 9*w - 1. Let t be x(8). Let z = t - -6. Let b(q) = 13*q**2 - q + 1. Is b(z) composite?
True
Let r be 0 + 1 + 0/(-4). Is (-1)/(((-3)/33)/r) a prime number?
True
Let x be ((-12)/(-2))/(3/2). Let s be (-22)/(-3) + x/6. Suppose -3*v = -s*v + 110. Is v composite?
True
Let n(g) = 186*g**3 - g**2 + 1. Let k be n(1). Suppose -5*d + 3*j + 178 + 126 = 0, -3*d + 3*j + k = 0. Is d a composite number?
False
Let w = 326 + 387. Is w a composite number?
True
Let c be (9/(-2))/((-6)/12). Let r = c + -6. Suppose 4*i + 5*u = 96, 0 = -i - r*u - u + 35. Is i composite?
False
Let c = 8 - -12. Suppose -l = c - 1. Let y = l + 40. Is y a composite number?
True
Let o(s) = -25*s - 6. Is o(-17) composite?
False
Let i(w) = -w**2 + 25. Let h be i(0). Suppose -h = 3*f - 262. Is f prime?
True
Suppose -2*b - 3*b = -10. Let j be (-10)/(-4) - 3/b. Is (0 + j/3)*237 composite?
False
Suppose q + q = -12. Let u(y) = y**2 - 8*y - 5. Is u(q) prime?
True
Suppose 0 = 5*o - 237 - 428. Is o a prime number?
False
Suppose -2*h - 289 = -1789. Suppose 5*j - 2*j = -h. Let o = 473 + j. Is o prime?
True
Suppose 3*z + 2*z = -3*w + 182, 5*z + 4*w - 186 = 0. Is z prime?
False
Suppose 4*m - p - 455 = 0, 0 = 5*m - 4*p + 2*p - 571. Suppose 0*n + 3*n - 226 = -2*y, y = -3*n + m. Is y a composite number?
False
Let l(j) = j**3 + j**2 - 2*j. Suppose -4*u = 5*p - 2, 2*p = 4*u - 6 - 10. Let z be l(p). Is -3 - z - (-708)/6 a composite number?
True
Suppose 4*a - 127 = -31. Let m = -14 + a. Is m prime?
False
Let p = -7 - -9. Suppose v + p*v = 3. Is 0 - 6/((-3)/v) composite?
False
Suppose -3*v + 397 = 52. Is v prime?
False
Suppose 0 = d - 4*m - 67, -d - 31 = -2*d - 5*m. Is d composite?
True
Let v(d) = 39*d + 1. Suppose 0 = 2*f - 4*a + 4, -5*a = -2*f - 3*a + 2. Is v(f) a composite number?
False
Let v be (-2 + -2)*2/(-1). Suppose -2*s + 7*x - 5*x - v = 0, 4*x - 16 = 0. Let a = 19 + s. Is a a composite number?
False
Let f = 3 + -4. Is (f - (-80)/3)*3 prime?
False
Let o(u) = 4*u**2 + 2*u + 3. Let j = 1 - -2. Let s be o(j). Let w = s - 26. Is w a composite number?
False
Let s(v) = -2*v**3 - 8*v**2 - 2*v + 7. Suppose 0 = -2*p - 10,